e?
True
Suppose -12 = 3*q, l = -3*l + 5*q + 28. Suppose -3*h + 7 = -2*b - 4, l*b - 1 = -h. Suppose -2*a + 3*g = -6 - 29, 5*g - 24 = -h*a. Is a a composite number?
False
Suppose 5*f - 8680 = 3*z, 3*f + 3*z - 8650 = -2*f. Is f/2*(25 - 23) a prime number?
True
Let q(g) = -g**3 - 7*g**2 - 3*g - 28. Is q(-9) prime?
False
Let o = -170 + 380. Suppose 2*r = -o + 572. Is r prime?
True
Let g = 3946 + -5666. Let m = g + 2609. Is m a prime number?
False
Let z(q) = q**3 + q**2 + 2*q - 3. Let x = -16 - -28. Suppose x - 20 = -2*s. Is z(s) composite?
True
Let k(y) = -9*y**2 + 10*y - 10. Let v(u) = 17*u**2 - 20*u + 19. Let c(f) = 11*k(f) + 6*v(f). Suppose -x = -7*x + 54. Is c(x) composite?
False
Is (2 + (-5)/5)*8147 a prime number?
True
Let k(x) = 180*x - 23. Is k(17) prime?
True
Let o be ((-12)/(-10))/(6/30). Let q(v) = 2 - o*v - 3*v**2 + 3*v**2 - 4*v**2 + 5*v**2. Is q(-5) a composite number?
True
Let s = 24379 + -15490. Is s composite?
True
Suppose 3*k - 3*b - 1746 = 0, -b = 3*b - 20. Is k a composite number?
False
Suppose 4*p - 34 = -22. Suppose 4*h = p + 9. Suppose 3*i = h*c - 684 - 2736, 2*i - 3425 = -3*c. Is c a composite number?
True
Is (-19)/2*-443*2 a composite number?
True
Suppose -4*t = 5*v - 6, -t - 2 + 9 = 4*v. Suppose 25 = 2*o + 3*o. Suppose -v*f - 111 = -o*f. Is f a composite number?
False
Let o(v) be the first derivative of -v**2/2 + 8. Let d be o(13). Let l(s) = -40*s - 31. Is l(d) a prime number?
False
Let y(x) be the first derivative of x**4 - x**3 - x**2/2 + 5*x + 16. Is y(3) a composite number?
False
Let b(h) = 363*h**2 - 22*h - 38. Is b(-7) composite?
False
Let p = 95589 - 22792. Is p composite?
False
Let d = 1919 + 1757. Suppose -5*x + d = 4*i, -3*x + 2*x = -3*i + 2757. Is i prime?
True
Let l(u) = 59*u**2 - 50*u - 7. Is l(6) prime?
False
Let p(z) = -z**2 + z + 511. Let o be 12/36 - (-2)/(-6). Is p(o) a prime number?
False
Suppose -5*d + 48 = 2*p, -p + 5 + 19 = -5*d. Suppose 0 = -9*r + 6*r - p. Is ((-764)/6)/(r/12) composite?
False
Suppose -3*j + 518 + 134 = -4*r, 4*j = 5*r + 870. Suppose 7*l - 2*l = 2*h + 1083, -l - 3*h + j = 0. Is l composite?
True
Is 28461/9 - 22/(-33) prime?
True
Let w = 1 + 0. Let k be (-3)/(-1 + w/2). Suppose 5*o = k*o - 19. Is o prime?
True
Is 7/((-21)/33)*-433 prime?
False
Let w(d) be the second derivative of -98*d**3 - d**2 - 3*d. Is w(-1) composite?
True
Let f(g) = -g**3 - 16*g**2 - 2. Let j be f(-12). Is j/(-1)*10/20 a prime number?
False
Suppose 0 = 26*a - 69518 - 15528. Is a prime?
True
Let z(k) = k**3 + 16*k**2 + 14*k - 13. Let c = 20 + -35. Let a be z(c). Suppose 3*r - 273 = -a*q + 28, -2*q = r - 107. Is r composite?
False
Let v(u) = -1347*u - 279. Is v(-8) a composite number?
True
Let r(t) = 2*t**3 + 14*t**2 + 9*t - 26. Let g be r(-9). Let p = 1 + -3. Is g/(-1)*(p + 3) prime?
True
Suppose 0 = 7*m - 13230 + 1043. Is m a composite number?
False
Let v(d) = -6*d**2 - 1 - 2 - 4*d**2 + d + 42*d**2. Let b(f) = -2*f**2 - 4*f - 2. Let y be b(-2). Is v(y) prime?
False
Let a(n) = -106*n**3 + n**2 + 5. Let q be a(-4). Suppose -q = -9*s + 4*s. Is s a composite number?
False
Suppose -5 = -0*n - 5*n, -5*g - 1 = -n. Suppose g*x - 264 = -2*t - 5*x, t = x + 146. Is t prime?
False
Suppose 4*k + 17 - 37 = 0. Let n(j) = -j**3 - j**2 + 5*j - 2. Let m be n(-4). Suppose -k*d + m + 369 = 0. Is d prime?
True
Let n = 294 + -158. Suppose -n = -3*i - i + 4*h, 4*h - 16 = 0. Is i composite?
True
Let y be 6/(-4)*-14 + -1. Is (955/y)/(1/4) a prime number?
True
Suppose -71285 = -4*q + 3*n - 10365, -2*q - 5*n = -30434. Is q a composite number?
False
Suppose 11*k = 5*k + 1662. Let w = k + 844. Is w a composite number?
True
Let m(x) = 4*x**3 - 2*x**2 + x. Let o be m(1). Suppose 0 = -5*q - 0*p - 2*p - 101, -o*q + 2*p - 67 = 0. Is 1840/3 - 14/q a composite number?
True
Is (((-22)/(-8))/11)/((-5)/(-16780)) a composite number?
False
Let l(r) = -9*r**2 - 5*r - 7. Let t(i) = i**2 - i - 1. Let a(f) = l(f) - 4*t(f). Let o be a(-4). Let h = o + 290. Is h a composite number?
False
Let k be 4/(-8)*-4 + (-3)/(-1). Suppose 3*j = -4*p + 3045, -k*p = -6*j + 3*j + 3018. Is j composite?
True
Let r = 965 + -497. Suppose -5*w - r = -8*w. Suppose f = -f - 5*p + w, -4*f + 322 = 5*p. Is f prime?
True
Suppose -m - 1909 = 5*a, -4*a - 6 = -2. Let p = 1233 - m. Is p prime?
True
Is (1 - 2)/(1/(3 - 1006)) prime?
False
Suppose -y + 0 = -2. Suppose -y*f + 161 + 17 = 0. Suppose 2*u + 0*h = 5*h + f, 2*u - 3*h = 83. Is u a composite number?
False
Suppose 70*q - 72*q = -3*v + 37759, -v = -2*q - 12593. Is v a composite number?
False
Let s(a) = -a**2 - 14*a - 7. Let w be s(-13). Let n be (w/4)/((-3)/(-4)). Suppose 5*r = 2*m + 45, 2*r - 2*m - n*m = 34. Is r prime?
True
Let t be (-1)/5 - 84/(-20). Is 350 + 8*(-2)/t composite?
True
Let o(l) = -4*l**3 - l**2 + l. Let x be o(-1). Is ((-11910)/9)/(2*x/(-6)) composite?
True
Suppose -l + 20193 = 4*d, 4*l - 5*d = 3*l + 20211. Is l a prime number?
True
Suppose -4*v - 21 = -2*v + 3*m, -3*m = -v - 33. Is (-1048)/v + 10/(-45) a prime number?
False
Suppose -4*u + 3*l - 4*l = -17559, 10 = -2*l. Is u a prime number?
True
Suppose 693 = 3*w - 678. Is w prime?
True
Let j be (-1)/5 - (-8)/40. Suppose -g - 71 - 292 = j. Let t = -220 - g. Is t a prime number?
False
Suppose -x = 4*a - 4*x - 41576, 2*x = a - 10399. Is a a composite number?
False
Let j(d) = 40*d**3 + 4*d**2 - 14*d + 11. Is j(7) composite?
False
Suppose 4*j + x = 2*x + 28529, 2*x = 3*j - 21403. Is j a prime number?
False
Suppose 0 = -4*t + 70 + 74. Suppose t = -o + 185. Is o a prime number?
True
Let a(y) = 10*y**2 + 8*y - 3 - 2*y**2 - 58*y**3 - 51*y**3. Is a(-4) a composite number?
False
Suppose -3*b + 38741 = -11278. Is b a composite number?
False
Suppose -42*u = -55*u + 37973. Is u prime?
False
Let i = 2548 + -1438. Suppose -i = -v - 133. Is v a prime number?
True
Suppose -207726 = -3*t + 5*y, 117 - 129 = -4*y. Is t a prime number?
True
Is -4*-3*(-139061)/(-156) a composite number?
True
Let g = -119133 - -172240. Is g composite?
True
Let b be 42/9 + 8/(-12). Let k(w) = 43*w**2 + 1. Is k(b) a composite number?
True
Let u(r) = -59*r**3 + 2*r**2 + 2*r + 3. Suppose 5*v - 4*g = -31, 4*v + 20 = -0*v + 2*g. Let k be u(v). Suppose 5*h - k = -423. Is h prime?
False
Suppose 64 = 4*o + 1176. Let y = o - -543. Suppose -5*p + 0*p = -y. Is p a prime number?
True
Let p be ((-4)/6)/(2/6). Let i be (28/(-63))/((-2)/9). Is (1139 - i)*p/(-6) a prime number?
True
Let u be (-4)/(16/(-20)) - 3. Let d(y) = -57*y - 4. Let s(i) = 172*i + 13. Let x(b) = u*s(b) + 7*d(b). Is x(-3) composite?
False
Let j(t) be the third derivative of 5*t**5/12 - t**4/6 + t**3/3 - 34*t**2. Is j(4) composite?
True
Suppose 96*k = 147*k - 1662243. Is k a composite number?
True
Suppose -4*k - 3*m - 2261 = 0, m - 1686 = 3*k - 0*k. Let p = k + 1152. Is p prime?
False
Suppose 11*i - 67321 = 88582. Is i a composite number?
False
Let c(v) = 38*v + 9 - 3 - 37*v. Let m be c(-9). Is -1*(-30 - (m - -6)) composite?
True
Let y = -27 + 32. Suppose p = y*p + 4228. Let a = 2134 + p. Is a a composite number?
True
Is 2717 - 1/((-4)/8) composite?
False
Let x(t) = 8*t - t**2 - t - 31 + 37. Let g be x(7). Is (-78)/4*(-4)/g composite?
False
Let q be (4 + -2)/(4/6). Suppose q*w = 6*w - 6. Suppose 0 = -3*d + w*d + 89. Is d a prime number?
True
Let m(b) = 2*b**2 + 3*b + 1. Let y(p) = -4*p**2 - 7*p - 1. Let t(s) = -5*m(s) - 3*y(s). Let q be t(-11). Suppose 809 - q = 5*l. Is l a composite number?
False
Let a = 1995 - 1414. Is a a composite number?
True
Let u(q) = 12*q**3 - 4*q**2 + 10*q - 8. Let v be u(4). Suppose z + 179 = v. Is z a prime number?
True
Suppose -3*r + m = -2*r - 301, 2*r - 596 = -4*m. Suppose -2*s = -5*s + r. Suppose 14 = 2*c - s. Is c a prime number?
False
Is 33980/6 + 5/(-15) composite?
True
Suppose -4*g + 20945 = 5*i, 4*i = 9*i - 5*g - 20990. Is i composite?
True
Let n = 38 - 69. Let m = n + 20. Is m/(-1) - (-2 - 1) a prime number?
False
Let y = -7 + 3. Let b(v) = 37*v**2 - 10*v - 3. Is b(y) prime?
False
Suppose -14*s = 15166 - 342304. Is s a composite number?
True
Let v(k) = 74*k**2 - 48*k - 23. Is v(-16) a prime number?
False
Let q be (-5)/15 + 32/6. Suppose 4*c - a = 277, -194 = -q*c + a + 152. Is c composite?
True
Let o(q) = -35*q - 17. Let f be o(9). Let v = 523 + f. Is v a prime number?
True
Suppose -2 = 47*j - 45*j. Let x = -398